4657 prime?
False
Is 497493863 prime?
True
Is 121762499 a composite number?
False
Is 142513443211 a composite number?
False
Is 34241671 a prime number?
False
Is 8219965807 a composite number?
False
Is 20967048661 prime?
False
Is 984714119 prime?
True
Is 1538251963 prime?
False
Is 2431694351 prime?
False
Is 282650339351 a composite number?
False
Is 30820549 a composite number?
False
Is 6122377697 a prime number?
True
Is 6374810963 prime?
True
Is 20464213987 a composite number?
True
Is 2964569591 prime?
True
Is 879100543 a composite number?
True
Is 216320399 prime?
True
Is 206960119 a prime number?
False
Is 18373431289 a prime number?
True
Is 954784762 composite?
True
Is 174659271931 prime?
False
Is 375925009 a composite number?
False
Is 3494928103 composite?
True
Is 243513371 a composite number?
False
Is 189509201 composite?
True
Is 8351050209 a prime number?
False
Is 10254192257 prime?
True
Is 42391300967 a prime number?
False
Is 3690562753 composite?
False
Is 4139886593 composite?
True
Is 2071509119 a composite number?
False
Is 2712078263 a prime number?
False
Is 18605024189 a prime number?
False
Is 14470150813 a prime number?
True
Is 1193632729 a prime number?
True
Is 10562446231 a composite number?
False
Is 678280721 a composite number?
False
Is 6905399407 a composite number?
False
Is 5803287547 a prime number?
True
Is 303892187 a prime number?
False
Is 13825884719 a composite number?
False
Is 25054500901 a prime number?
False
Is 1945102177 prime?
True
Is 166631371 prime?
False
Is 190761718039 composite?
False
Is 1519896633 composite?
True
Is 1112810353 a composite number?
True
Is 12405078463 a composite number?
False
Is 12471709177 a composite number?
True
Is 2616655313 prime?
True
Is 3135886573 composite?
False
Is 1548066821 prime?
False
Is 3516253991 a composite number?
True
Is 40452397 prime?
True
Is 37770110993 a composite number?
True
Is 100101660481 composite?
False
Is 109639733579 a composite number?
False
Is 1567750939 composite?
True
Is 13789624931 prime?
True
Is 4511051191 a composite number?
True
Is 60551522881 prime?
False
Is 5359487819 a prime number?
False
Is 17496237211 a composite number?
True
Is 32224833007 a composite number?
True
Is 1879109677 a prime number?
True
Is 472614823 prime?
True
Is 13153964281 composite?
True
Is 115166081 prime?
True
Is 207912475403 a composite number?
False
Is 109626185849 a prime number?
True
Is 140014436083 a composite number?
True
Is 3503957749 a prime number?
True
Is 8507873807 prime?
True
Is 11275551781 composite?
True
Is 618504959 prime?
False
Is 98355223 composite?
False
Is 91119817433 prime?
True
Is 14790684389 a composite number?
True
Is 1091496277 a prime number?
False
Is 1470972833 prime?
False
Is 55471555493 prime?
True
Is 2400114511 prime?
True
Is 10565219779 composite?
False
Is 430524383 composite?
False
Is 2750614883 a prime number?
False
Is 340018457 prime?
True
Is 5105202562 a prime number?
False
Is 19839807803 a composite number?
True
Is 1106853823 a composite number?
False
Is 11559493013 prime?
True
Is 454626581 composite?
True
Is 8407055923 a composite number?
True
Is 48830436933 a prime number?
False
Is 9055675661 a prime number?
True
Is 4490976839 a composite number?
False
Is 4658578273 a prime number?
False
Is 23401608397 a prime number?
True
Is 13704542657 prime?
False
Is 2758843209 composite?
True
Is 19060434737 composite?
True
Is 119476039861 composite?
False
Is 57164517439 a prime number?
False
Is 254859433 a composite number?
True
Is 1697533247 composite?
True
Is 19043039 a prime number?
False
Is 30197133731 prime?
True
Is 917718209 a composite number?
False
Is 13867052117 prime?
True
Is 41195873051 a composite number?
True
Is 5884375999 composite?
True
Is 461622107 composite?
False
Is 7197257299 composite?
True
Is 18376021033 prime?
False
Is 384689489 a composite number?
False
Is 1877506781 a composite number?
True
Is 1178543227 prime?
True
Is 16123296577 a composite number?
False
Is 40799057361 a prime number?
False
Is 5196914335 composite?
True
Is 27497543309 composite?
False
Is 23497843 composite?
False
Is 3166246429 a prime number?
True
Is 1426893581 a composite number?
False
Is 42325610417 prime?
True
Is 7489929683 prime?
False
Is 7532595137 a composite number?
True
Is 22482038051 a prime number?
False
Is 47317601869 prime?
True
Is 12744570737 a prime number?
True
Is 26832133 composite?
True
Is 413673101 composite?
True
Is 1528810463 a composite number?
False
Is 202284329 a prime number?
False
Is 1168193449 composite?
False
Is 689951449 a composite number?
True
Is 730897057 a prime number?
False
Is 42415650609 composite?
True
Is 41227811 prime?
True
Is 2132289043 a composite number?
True
Is 1938972323 composite?
True
Is 4678437457 a composite number?
True
Is 6171267365 prime?
False
Is 23123831 composite?
True
Is 18218757673 composite?
False
Is 29365243829 prime?
False
Is 8776736719 a prime number?
True
Is 13193204543 a prime number?
True
Is 225172699 prime?
False
Is 999072007 a composite number?
True
Is 23999080927 prime?
True
Is 35962342987 composite?
True
Is 9716245373 a prime number?
False
Is 6211669543 prime?
False
Is 1307172623 a prime number?
True
Is 932953309 prime?
True
Is 5724983591 a composite number?
False
Is 2758550317 a prime number?
False
Is 52250687791 composite?
True
Is 5802636778 composite?
True
Is 94578323713 a composite number?
True
Is 4038189217 a composite number?
True
Is 15949372423 a composite number?
True
Is 129020641 composite?
False
Is 8715065201 prime?
False
Is 1381265581 a prime number?
False
Is 58759240303 a composite number?
True
Is 10034621 a prime number?
True
Is 3495686237 a prime number?
True
Is 493019231 a prime number?
False
Is 3178850306 prime?
False
Is 5949623951 composite?
True
Is 64234450793 prime?
False
Is 164448770001 a composite number?
True
Is 11806674667 a prime number?
True
Is 459945169 a prime number?
False
Is 2124784841 a prime number?
True
Is 37344258487 a prime number?
True
Is 7083027671 prime?
True
Is 192253177 composite?
False
Is 3371850929 prime?
True
Is 2610110101 prime?
True
Is 638185061 a composite number?
True
Is 2951926589 a composite number?
False
Is 13547701331 a prime number?
True
Is 3858113197 prime?
True
Is 1659720113 prime?
False
Is 1345176299 prime?
True
Is 6275155186 prime?
False
Is 6358903123 prime?
False
Is 807488917 a prime number?
True
Is 24235977533 composite?
False
Is 492655063 a composite number?
False
Is 2715119527 prime?
False
Is 193933013369 a composite number?
True
Is 4010169055 a composite number?
True
Is 785406467 prime?
True
Is 5005316499 composite?
True
Is 6863568149 a prime number?
False
Is 72130283 prime?
True
Is 593892769 prime?
False
Is 68383500397 prime?
True
Is 9030202627 composite?
False
Is 76030379 composite?
True
Is 2112337841 a composite number?
True
Is 465011413 composite?
False
Is 4088941153 a prime number?
False
Is 5304950711 a composite number?
False
Is 11764051903 a composite number?
False
Is 236133361129 composite?
False
Is 283232557 composite?
True
Is 69661043129 composite?
True
Is 16720219249 composite?
False
Is 490684037 composite?
True
Is 421907131 a composite number?
False
Is 1227096419 a prime number?
False
Is 44483297 a prime number?
True
Is 200567357 a composite number?
True
Is 2814057769 composite?
False
Is 127335563051 prime?
True
Is 1690163353 a composite number?
False
Is 3404651 a prime number?
True
Is 18946302407 a composite number?
True
Is 62620155697 a prime number?
False
Is 2035464811 prime?
True
Is 116815671205 a prime number?
False
Is 2969131189 prime?
True
Is 12326179 composite?
False
Is 19314140299 prime?
True
Is 17094072379 a composite number?
False
Is 52876788263 a composite number?
True
Is 406590239 prime?
False
Is 277848873061 a prime number?
True
Is 4576103083 composite?
False
Is 228557835215 prime?
False
Is 3210103135 a prime number?
False
Is 5931991749 prime?
False
Is 2174754163 composite?
False
Is 40275871 a prime number?
False
Is 210728211 a composite number?
True
Is 30982570747 a prime number?
False
Is 7011119 prime?
False
Is 361295903 a composite number?
True
Is 183359213533 a composite number?
True
Is 90994404539 prime?
False
Is 16719271463 a composite number?
False
Is 1459348601 composite?
False
Is 727438609 composite?
False
Is